me factors of 75139.
29, 2591
List the prime factors of 16945.
5, 3389
List the prime factors of 2407.
29, 83
List the prime factors of 448.
2, 7
List the prime factors of 1771.
7, 11, 23
What are the prime factors of 45348?
2, 3, 3779
List the prime factors of 14621.
14621
List the prime factors of 406.
2, 7, 29
List the prime factors of 382.
2, 191
What are the prime factors of 234?
2, 3, 13
What are the prime factors of 204?
2, 3, 17
What are the prime factors of 36066?
2, 3, 6011
List the prime factors of 27909.
3, 7, 443
What are the prime factors of 135810?
2, 3, 5, 503
List the prime factors of 15461.
15461
List the prime factors of 1156.
2, 17
What are the prime factors of 2774?
2, 19, 73
List the prime factors of 9021.
3, 31, 97
List the prime factors of 30352.
2, 7, 271
What are the prime factors of 2352?
2, 3, 7
What are the prime factors of 300?
2, 3, 5
List the prime factors of 8433.
3, 937
List the prime factors of 8189.
19, 431
What are the prime factors of 95810?
2, 5, 11, 13, 67
List the prime factors of 9268.
2, 7, 331
What are the prime factors of 19610?
2, 5, 37, 53
What are the prime factors of 1549?
1549
What are the prime factors of 130446?
2, 3, 7247
What are the prime factors of 2651?
11, 241
List the prime factors of 50054.
2, 29, 863
What are the prime factors of 4221?
3, 7, 67
What are the prime factors of 459?
3, 17
What are the prime factors of 1571?
1571
What are the prime factors of 3604?
2, 17, 53
What are the prime factors of 1142?
2, 571
List the prime factors of 15350.
2, 5, 307
What are the prime factors of 12604?
2, 23, 137
What are the prime factors of 22792?
2, 7, 11, 37
What are the prime factors of 19726?
2, 7, 1409
What are the prime factors of 6401?
37, 173
List the prime factors of 8461.
8461
What are the prime factors of 26745?
3, 5, 1783
List the prime factors of 15.
3, 5
What are the prime factors of 8134?
2, 7, 83
List the prime factors of 15228.
2, 3, 47
What are the prime factors of 81474?
2, 3, 37, 367
List the prime factors of 7067.
37, 191
What are the prime factors of 28623?
3, 7, 29, 47
List the prime factors of 777.
3, 7, 37
List the prime factors of 140258.
2, 19, 3691
What are the prime factors of 7674?
2, 3, 1279
List the prime factors of 45377.
45377
List the prime factors of 20786.
2, 19, 547
What are the prime factors of 24085?
5, 4817
What are the prime factors of 1656?
2, 3, 23
What are the prime factors of 27741?
3, 7, 1321
List the prime factors of 3383.
17, 199
List the prime factors of 7502.
2, 11, 31
What are the prime factors of 15883?
7, 2269
List the prime factors of 55.
5, 11
What are the prime factors of 287?
7, 41
List the prime factors of 2400.
2, 3, 5
List the prime factors of 69703.
43, 1621
What are the prime factors of 23877?
3, 7, 379
List the prime factors of 4490.
2, 5, 449
List the prime factors of 63705.
3, 5, 31, 137
What are the prime factors of 2871?
3, 11, 29
List the prime factors of 57551.
13, 19, 233
List the prime factors of 33551.
7, 4793
What are the prime factors of 65761?
65761
What are the prime factors of 1755?
3, 5, 13
What are the prime factors of 6157?
47, 131
List the prime factors of 14409.
3, 1601
What are the prime factors of 7460?
2, 5, 373
What are the prime factors of 10479?
3, 7, 499
List the prime factors of 44577.
3, 13, 127
List the prime factors of 14269.
19, 751
What are the prime factors of 10204?
2, 2551
List the prime factors of 123.
3, 41
What are the prime factors of 43390?
2, 5, 4339
What are the prime factors of 8835?
3, 5, 19, 31
List the prime factors of 1713.
3, 571
List the prime factors of 795.
3, 5, 53
List the prime factors of 27434.
2, 11, 29, 43
List the prime factors of 266.
2, 7, 19
List the prime factors of 1699.
1699
What are the prime factors of 6270?
2, 3, 5, 11, 19
What are the prime factors of 2160?
2, 3, 5
What are the prime factors of 581?
7, 83
What are the prime factors of 319?
11, 29
List the prime factors of 17701.
31, 571
List the prime factors of 1948.
2, 487
What are the prime factors of 1395?
3, 5, 31
List the prime factors of 698.
2, 349
What are the prime factors of 2934?
2, 3, 163
What are the prime factors of 224?
2, 7
List the prime factors of 10738.
2, 7, 13, 59
List the prime factors of 143.
11, 13
List the prime factors of 7105.
5, 7, 29
List the prime factors of 10547.
53, 199
List the prime factors of 911.
911
What are the prime factors of 3794?
2, 7, 271
List the prime factors of 6551.
6551
What are the prime factors of 281?
281
List the prime factors of 4109.
7, 587
List the prime factors of 81.
3
List the prime factors of 6594.
2, 3, 7, 157
List the prime factors of 349.
349
List the prime factors of 14007.
3, 7, 23, 29
What are the prime factors of 2062?
2, 1031
What are the prime factors of 117581?
307, 383
What are the prime factors of 687?
3, 229
List the prime factors of 1045.
5, 11, 19
What are the prime factors of 1051?
1051
What are the prime factors of 851?
23, 37
What are the prime factors of 6995?
5, 1399
What are the prime factors of 2508?
2, 3, 11, 19
What are the prime factors of 1159?
19, 61
List the prime factors of 400.
2, 5
List the prime factors of 6604.
2, 13, 127
List the prime factors of 1255.
5, 251
What are the prime factors of 47593?
7, 13, 523
List the prime factors of 1132.
2, 283
List the prime factors of 1247.
29, 43
List the prime factors of 231.
3, 7, 11
List the prime factors of 787.
787
What are the prime factors of 43443?
3, 1609
What are the prime factors of 1014?
2, 3, 13
List the prime factors of 104219.
89, 1171
List the prime factors of 839.
839
What are the prime factors of 279?
3, 31
What are the prime factors of 3025?
5, 11
List the prime factors of 1040.
2, 5, 13
What are the prime factors of 69717?
3, 17, 1367
What are the prime factors of 18539?
18539
What are the prime factors of 35028?
2, 3, 7, 139
List the prime factors of 17240.
2, 5, 431
What are the prime factors of 4003?
4003
List the prime factors of 1573.
11, 13
List the prime factors of 12443.
23, 541
List the prime factors of 161721.
3, 7, 17, 151
What are the prime factors of 372?
2, 3, 31
List the prime factors of 2391.
3, 797
List the prime factors of 4282.
2, 2141
What are the prime factors of 1870?
2, 5, 11, 17
What are the prime factors of 2783?
11, 23
List the prime factors of 73497.
3, 24499
What are the prime factors of 1722?
2, 3, 7, 41
List the prime factors of 159.
3, 53
List the prime factors of 11231.
11, 1021
List the prime factors of 3233.
53, 61
List the prime factors of 3512.
2, 439
What are the prime factors of 74182?
2, 29, 1279
List the prime factors of 804.
2, 3, 67
List the prime factors of 5599.
11, 509
List the prime factors of 1753.
1753
What are the prime factors of 1734?
2, 3, 17
What are the prime factors of 26363?
41, 643
What are the prime factors of 1058?
2, 23
What are the prime factors of 1125?
3, 5
What are the prime factors of 167?
167
List the prime factors of 279.
3, 31
List the prime factors of 4295.
5, 859
List the prime factors of 21.
3, 7
What are the prime factors of 10742?
2, 41, 131
What are the prime factors of 251?
251
What are the prime factors of 1500?
2, 3, 5
List the prime factors of 46966.
2, 23, 1021
What are the prime factors of 6115?
5, 1223
What are the prime factors of 13795?
5, 31, 89
List the prime factors of 920.
2, 5, 23
List the prime factors of 58184.
2, 7, 1039
List the prime factors of 119250.
2, 3, 5, 53
What are the prime factors of 4659?
3, 1553
What are the prime factors of 34717?
149, 233
List the prime factors of 18803.
18803
List the prime factors of 42342.
2, 3, 7057
List the prime factors of 154.
2, 7, 11
What are the prime factors of 6720?
2, 3, 5, 7
List the prime factors of 6601.
7, 23, 41
List the prime factors of 478.
2, 239
What are the prime factors of 39036?
2, 3, 3253
What are the prime factors of 644?
2, 7, 23
What are the prime factors of 14973?
3, 7, 23, 31
List the prime factors of 10045.
5, 7, 41
List the prime factors of 40630.
2, 5, 17, 239
List the prime factors of 2867.
47, 61
List the prime factors of 27839.
7, 41, 97
What are the prime factors of 3610?
2, 5, 19
What are the prime factors of 2289?
3, 7, 109
List the prime factors of 3667.
19, 193
What are the prime factors of 4286?
